 71) - (-1 + 12)?
-1
50 - 46 - (6 + -30 + 4)
24
Evaluate -1 + 149 - (5097 - 4905).
-44
Calculate 134 - 58 - (3 - -121).
-48
43 - (99 + -66) - 99
-89
(-10 + -1 - -9) + 13 + 2 - (-10 - -7)
16
What is the value of (59 - 74) + 8 + -36?
-43
(-19 - (56 + -85)) + (10 - 4) + -27
-11
What is the value of -15 + (30 + -40 + 64 - (0 - -2))?
37
What is the value of 131 + 1 - (-160 - -203 - (-2 + 43))?
130
What is (0 - -69) + 1257 + -1301?
25
What is the value of (-57 - -50 - 24) + (1 - -12)?
-18
Evaluate -254 + 359 - (25 + (0 - -3) + -12).
89
What is the value of -1246 + 1221 + (2 + 1 - (0 - -14))?
-36
-11 + 9 + 8 - 9 - (-17 - -13 - -94)
-93
Evaluate (-457 - -194) + 270 - (-1 - (68 + 0)).
76
-14 + 30 + -96 - (6 + (-2 - 2) - -8)
-90
Calculate (-6 - -39) + (7 - 11) + 73.
102
What is the value of (-1 - 34) + 0 - (58 - (-104 + 80 + 94))?
-23
What is 0 + 30 + (-333 - -387)?
84
Evaluate -7 - ((12 - 6) + (16 - 27 - 45)).
43
What is the value of (-9 - 4 - -14) + 99 + -182 + (-1 - -9)?
-74
What is the value of 32 + 22 + -80 - (-28 + 4)?
-2
-42 + 10 + (-18 - (17 + -25))
-42
Evaluate (32 - -5) + -59 + 10.
-12
Calculate 108 - (37 - 17) - (0 + 13).
75
Calculate 5 + (0 - (10 + -9) - (16 + -14)).
2
What is -3228 - -3280 - (-1 - ((-2 - -2) + -3))?
50
Calculate 2 - (0 + -10) - (-23 - (7 - 0)).
42
Calculate 1 + 1 - (17 + 9 + (-14 - 38)).
28
What is -23 + (10 + -15 - -9 - 48)?
-67
What is 7 + -38 - (130 + -175) - -65?
79
(-562 - -569) + (31 - -1)
39
Evaluate -124 + (101 - (-37 + 107)).
-93
What is the value of 1 - 2 - -2 - 0 - 2 - (3013 - 2906)?
-108
Calculate -2 - (-3 - -8 - (-21 + -8)).
-36
Evaluate -4 + 89 - (103 - 110).
92
-1 - (-1 - -12) - (-441 + 461 + (-35 - 0))
3
4 + (12 - (-20 - 11)) + 22
69
Evaluate -19 + 1 + 4 + -1 + (2595 - 2593).
-13
Calculate (100 - (54 - 24)) + -76.
-6
Evaluate (-70 - (-72 + 9)) + -83 + 17.
-73
Calculate (21 - 32 - -27) + -82 - 30.
-96
What is -13 + -24 + -394 + 463?
32
What is -1130 - -1125 - (66 - 0) - (5 + 0)?
-76
What is -4 + -1 - ((5 - 10) + 54 + -4)?
-50
Calculate 4 - (-86 + (-27 - -26)) - 14.
77
Evaluate 10 - (8 + (-20 - (-23 - -12)) + 0 + 7).
4
Calculate -41 - (-43 + 34) - -54.
22
What is 76 - 35 - (67 + -26)?
0
What is (209 + -110 - -7) + -9?
97
What is 120 - 1 - (-28026 + 28018)?
127
Evaluate (-1 - (5 + 4)) + (-8 - (0 + -1)) + 7.
-10
Calculate (-162 + 188 - (-3 + 40)) + (-1 - -79) + -9.
58
Calculate (22 - -24) + -25 + 40 - 23.
38
Evaluate (96 - -5) + 17 + 13 + -17 + 7.
121
(-2659 - -2655) + 41 + (0 - -1) + (-9 - -4)
33
What is the value of -19 - (12 + (-2 - (3 - -7)) + 20 + -6)?
-33
What is (-1479 - -1513) + 1 + 23?
58
Evaluate -1494 - -1408 - (-76 - -2).
-12
5 + (-88 - -2) + (5 - -1 - (5 + -3))
-77
Evaluate -1 - 23 - (-70 + -33 - -78).
1
50 + (107 - 157) + (14 - -1)
15
What is (-49 - -18) + 103 + -66?
6
What is the value of -5 - (36 + (46 + -20 - 31))?
-36
What is 14 - (24 + (21 - 38 - -10))?
-3
Evaluate (-6 - -17 - 5) + (25 - (-7 + 21)).
17
Evaluate (23 - (-7 + 34)) + -58 - -5.
-57
What is (15 - ((37 - -3) + -26)) + 16?
17
(22 - (-12 - -29)) + -18 + 2 + 64
53
Calculate 24 + (1 - 10) + (406 - 399).
22
Calculate (-5 + -18 + -3 - -21) + 30.
25
-21 + -8 + -50 + 26 + -5
-58
47 + -212 + 128 + (0 - -98)
61
What is -27 + (54 - (-17 - -17) - -4)?
31
What is the value of -17 + 28 + 9 + -13 + -12 + (-25 - -27)?
-3
-47 + 1 - 2 - (141 - 145)
-44
What is 10 + (6 - 8) + (-1 - 13) - 33?
-39
Evaluate 13 + (-64 - -50) + -44 + -3.
-48
-2 + 2 - 0 - 1 - (172 + 6 + -218)
39
Evaluate 34 - (-55 + 53) - 3.
33
Evaluate (-141 + 108 - -25) + -4.
-12
What is the value of (-2 - -2 - (9 + 1)) + 644 + -534?
100
What is the value of 9 - ((-3 - -1) + -4 + 0 + (-161 - -170))?
6
Evaluate -4 + (25 - -4) + (-28 - (57 - 69)).
9
What is the value of -1 + -14 + 26 + (-13 - 21)?
-23
What is the value of -3 + (-1135 - -1123) + 2 + -1 + -1?
-15
What is 3 - ((-2 - 11) + 7 + 4)?
5
-11 + (-5 - 13) + (-7 - (7 + -22))
-21
Calculate 11 - (-54 - -25 - 9).
49
22 - ((22 - -9) + 37)
-46
Evaluate -12 - (4 + (1 - (0 - -8)) + 1).
-10
What is -10 - (-94 + 46 - -43)?
-5
Calculate -15 + (89 - (93 + -123)).
104
Evaluate -8 + -2 + 0 + 10 + (-22 - -85).
63
What is the value of -6 - (-85 - -41) - 9?
29
Evaluate -29 - (-3 + -11) - (9 - (-21 + 29)).
-16
Evaluate (-54 - (12 - 53)) + (0 - -1) - (-2 + -124).
114
What is 30 - (-7 + 7) - (-10 - (-19 - -25))?
46
Evaluate -370 + 407 - (36 - 22).
23
Evaluate 58 - (-25 + (-24 - -26) - 12).
93
What is the value of (61 + -26 - (21 - 9)) + -11?
12
What is -126 + 1 + 19 + (93 - (23 + 72))?
-108
Calculate (-6 + 6 - -42) + (18 - 31 - -5).
34
(46 - -2 - (-192 - -212)) + -20
8
Calculate 0 - -1 - -1 - 81 - (51 + -75 + 20).
-75
Evaluate 4 - 3 - 2 - (-17 - (5 + 2)).
23
What is (148 + -123 - 30) + -1 + 4 + -13?
-15
Evaluate -44 - (-9 + -4 + (-10 + 20 - -4)).
-45
Evaluate -1 - (-22 + -1) - (-3 - -22 - (-83 - -92)).
12
Evaluate (-119 - -161) + (-15 - -2) - -1.
30
Calculate (15 + 7 - 6) + -40 + -3.
-27
21 + -102 - -86 - -73
78
What is the value of (-141 - -67 - 0) + 47?
-27
Calculate (5 - -25 - (-122 + 158)) + -2 + -56.
-64
Evaluate 4 + -159 + -2107 + 2203.
-59
What is the value of (4 - 6 - (24 + -49 + 44)) + 140?
119
What is (-97 - 12) + 8 - -69?
-32
Calculate -39 + 10 - (2 - 40) - 113.
-104
What is 26 + (73 - -10) + 26 - (-4 + 1) - -5?
143
Calculate 12 - (9 - 7 - (4 - (9 + -5))).
10
Calculate -66 - (5 + -7 + -5 - 18).
-41
(270 + -281 - (-14 + 2)) + (1 - -14 - 3)
13
Evaluate -125 + (251 - 165) + 0 + -29.
-68
What is (9 - 11) + (22 - 1) - 7 - 46?
-34
What is the value of (1092 - 1127) + 1 + 67?
33
What is 0 + -14 + 34 + -16 + -16?
-12
What is 32 - (26 - 11) - (25 - 11)?
3
Calculate (107 - 145) + (4 - -81).
47
Evaluate 2 + -31 + (942 - 963).
-50
14 - (-116 - -173) - (1 + 1 + -7)
-38
-63 + -32 + 27 + -28 + 26
-70
What is the value of 1 + -35 + (-467 - -518)?
17
What is (39 - -19 - -48) + -41?
65
-14 - (-12 + 19) - (-33 - -8)
4
Evaluate (-12 - -39) + -19 + 42.
50
(49 - -8) + 21 + -33
45
Evaluate (57 + 3 - 1) + (81 + -20 - 41).
79
What is -239 + 293 - ((1 - 9) + 36)?
26
-14 + -1 + 12 + 39 + (-17 - -5)
24
-5 + 17 + -49 + 9 + -2
-30
What is the value of (26 - -30) + -93 - 1?
-38
-4316 + 4332 - (1 - (27 - -1))
43
Calculate -2 + (-6 - 7) + 15 + -9 - -24.
15
Evaluate 159 - (-144 + 286) - 17.
0
Evaluate 1518 + -1561 + (80 - 1).
36
Calculate -3 + 3 - (-30 + (13 - 24) + -3 + 10).
34
What is 23 + -14 - 58 - -78?
29
Calculate -27 + (90 - 52) + (2 - 46 - -3) + 1.
-29
Calculate 13 + -1 + (-23 - 18 - -52).
23
Evaluate 39 + 2 + (52 - 101).
-8
What is -746 + 833 + -73 + 1?
15
Calculate (109 - 173) + 5 + (4 - 10) + -3 + 5.
-63
(-12 - -96 - 34) + -5 + (-3 - -24)
66
-100 - (8 + -56 + (-11 - -29))
-70
3 - 36 - (125 + -98) - 38
-98
Evaluate 357 - 364 - (-27 - 7).
27
Calculate (-3 + (9 - (4 - -10)) - 0) + -46.
-54
What is the value of (2 - -55 - (-94 - -107)) + -8 + 1 + 5?
42
Calculate -688 + 730 + (-66 - 1).
-25
Calculate -2 + 10 - (570 - 589).
27
What is (2 + -6 - 60) + 422 + -399 + (-20 - 0)?
-61
What is 15 + (121 - 126 - (-2 + -20 - -4))?
28
Evaluate (-97 - 3) + -33 + -37 + 24 + 38.
-108
35 - (-61 + 28 - -30 - (1 - -2))
41
(-38 - (55 + -22)) + 118
47
What is the value of 86 - ((21 - 22) + -17 + -9)?
113
Evaluate 19 + 81 + -4 + -4 + -5 + 12.
99
Calculate 30 + 17 + (-18 - (-15 - -30)).
14
What is the value of (-5 + (16 - 21) - -10 - -5) + -162?
-157
15 + 0 + -326 + 333 + 7
29
-16 + 11 + 410 + -413 + (-64 - -1)
-71
What is the value of -2 + 3 + 8 + -87 - (-110 - -102)?
-70
-18 - (-8 + 6 + -82)
66
What is the value of -1 + -17 - (122 + 106 + -271)?
25
What is the value of (57 - 82) + 23 - (2 + -14)?
10
What is the value of (3498 - 3403) + (-2 - 83)?
10
What is -34 + -6 + (-20 + 25 - -9 - 16)?
-42
Calculate (108 - (102 - 45)) + 1.
52
Evaluate (626 - 608) + 0 + 45 + 1 + 0.
64
1 + 23 + 41 + -12
53
Evaluate 8 - (79 - -3) - -12 - (41 + -60).
-43
Evaluate (-136 - (-11 + 7)) + (1926 - 1894).
-100
Calculate (10 - 12) + 78 + (-7 - -6) + -8.
67
Calculate -17010 + 17024 - (5 - (1 + 1)).
11
Calculate 3 + -30 + 40 + (-8 - 7) - 12.
-14
-73 + 151 + -246 + 121
-47
Evaluate 2 + -85 + 60 - 23.
-46
Evaluate 25 + (-14 + -27 - 35).
-51
What is 75 - (39 - 60 - -48)?
48
-1 + -5 + 1 + (66 - 74) - -6
-7
Calculate (77 + -96 - -62) + (1 - -18).
62
Evaluate (-4 - 11) + 1 + 234 + -203.
17
Calculate (-9 - (-4 + -5) - -